601.
-20
Evaluate -55 - ((83 - 32 - 53) + 1 + 6).
-60
What is the value of -44 - (-18 - 0 - (-36 + (72 - 50)))?
-40
What is the value of (58 - 62) + (43 - (-5 + 8 + -4))?
40
What is the value of 25 + -34 + (-4 - (-17 - 0)) - -32?
36
What is the value of (85 - 36) + (-65 - -36)?
20
(-18 - (2 - (12 + -1) - -18)) + -14
-41
What is the value of (8 - (-28 - -33) - -3) + 8 + 0?
14
Evaluate 5 - (10 + (-75 - -4) + (47 - 33)).
52
Calculate -10 + (13 + 1 - (181 + -172)) - 16.
-21
Calculate 20 + 7 - ((106 - 113) + -22).
56
Calculate (99 - (67 + -11)) + -85.
-42
Calculate -63 + (7 - 11) + -19 + (9 - -29).
-48
-58 + (-45 - (-112 - -1))
8
Evaluate -3 + (75 - 5) - (-261 + 276).
52
Evaluate (189 - 382) + 345 - (1 - -40).
111
What is -2991 + 3121 - (-2 + (-1 - -1 - (-9 - -8)))?
131
4 + 4 - (-19 + 56)
-29
Evaluate (-483 - -477) + (-1 - -3) + 22 - 9.
9
28 - -69 - (-42 + 102)
37
Calculate ((3 - 0) + 23 - (109 - 95)) + 6 + 0.
18
Calculate -43 - (-37 - -127 - 178).
45
What is the value of -460 + (31 - -405) + 19 + -1 + 0?
-6
12 + (38 - (-16 - -105)) - 83
-122
What is the value of 6 + (44 - (34 - -86))?
-70
What is (28 - 21) + 53 - (20 + -22 - (-6 + 0))?
56
What is the value of (-14 - 2) + 44 + 15?
43
What is the value of (59 - (40 - -36)) + (1 - -11)?
-5
Evaluate -46 + 23 + 7 + -5 + 110.
89
Evaluate (24 + (27 - 43) - (18 - (4 - 2))) + -25.
-33
What is the value of -10 - (27 + -9 + 8 + -30)?
-6
Evaluate -12 - ((63 - (-27 - -73)) + (-13 - -1)).
-17
Calculate -37 - (-26 + 53 + -96).
32
What is the value of 27 + -36 + (-53 - -22)?
-40
What is -15 - (9 + -37 + 53) - 47?
-87
Evaluate (-21 - (-21 - -32)) + 12 + -19.
-39
What is the value of (75 + 37 - 94) + (0 - -4) - 31?
-9
What is -12 + 1 + 0 - 35?
-46
Calculate -2 - (11 + -17 - 7) - 5.
6
Evaluate 3 + -37 + (-34 - -74) - -36.
42
Evaluate (-49 - (50 - (83 - -4))) + (1 + 1 - -85).
75
Evaluate (3 - -128) + (-2180 - -2054).
5
Evaluate 216 + 1 + -38329 + 38219.
107
Evaluate -17 + -9 + 16 + (17 - 21) + (8 - -2).
-4
What is the value of -158 + 64 + -71 - (-28 - 5)?
-132
Evaluate (-23 - 13) + 11 + -9 - (-16 - -2 - 1).
-19
Calculate (74 + -114 - (-3 - 0)) + (5 - 19).
-51
Evaluate 12 + 5 + (-5 - -4) - -7 - (1 + -8).
30
Evaluate (-118 - (-6 + -1)) + -53 + 27 + 41.
-96
What is the value of 0 + 43 - ((22 - 10 - 10) + 15 + -25)?
51
What is 48 + 3 + 27 + -5 + -18 + 5 - -10?
70
Calculate (1 + 0 - (2 + -51)) + (37 - 35).
52
What is the value of (459 - 188) + -227 - (1 + -56)?
99
What is -1 + -116 - (-39 + 38 + -18) - 8?
-106
(-80 - -55) + (-19 - -179) + -20
115
-4 - (26 - ((7 - -5) + -7) - 10)
-15
What is 13 + (19 - 13) + -93 + (3 - (-3 - -9))?
-77
Evaluate -469 + 246 + (90 - -33).
-100
Calculate 29 + -16 + -10 + -13 - 91.
-101
Evaluate -16 + (112 - (11 - (-6 - (0 + -8)))).
87
3 + -6 - 15 - -1 - (143 - 130)
-30
(5 - 189) + 119 + -1 + 3 + 14
-49
Evaluate -13 + (3 - (5 - 3)) + 7 + -53 + -2.
-60
What is the value of 55 - (1 + 11 - (-12 + -7 + -7 + 35))?
52
-9 + (10 - (1 + 1) - -3) + 5 + 6
13
25 - (4 + 3 + 12 - 7) - -41
54
Calculate -16 - (4 + -6 + 119 - (-32 - -44 - 5)).
-126
What is the value of 26 + (4 - 14 - 2) - (-1 + 10)?
5
What is (-9 - -13) + 6 - (45 - (-22 + 37))?
-20
Calculate (21 - (17 - -1) - 4) + (-24 - 5 - 0).
-30
Calculate (-61 - (-17 + -81)) + -45.
-8
Calculate 28 - (30 - (4 + 3 + 2)).
7
Evaluate -252 - (-38 + -196) - (-127 - 1).
110
Evaluate 97 + -81 - 31 - 47.
-62
Calculate 47 - (-1 + 30 + -775 + 777).
16
What is the value of (8 + -16 - (-4 + 3 + (-13 - -1))) + 89?
94
What is 2 - -4 - ((0 - -2) + (21 - -13)) - -2?
-28
Evaluate (285 - 173) + -136 + -8.
-32
Calculate -90 - (-107 + 213 + -108).
-88
What is 99 + (-163 - -167 - ((3 - -2) + 3))?
95
(69 - 2) + -70 + (59 - -27) - -14
97
5 + -10 + 3 - (-1 - 3)
2
What is -42 - (-30 - (10 - 48))?
-50
What is the value of -186 - (66 + -68 - 94)?
-90
What is (10 - (22 - (3 + 10) - 0)) + -58?
-57
Evaluate -19 + (85 - (-2 - 6) - 16).
58
(1 - -19) + (-154 - -152) + -9 - 9
0
What is the value of (2 - 33) + -1 - (952 + -953)?
-31
What is the value of -89 - ((219 - 248) + (0 - -40))?
-100
What is 11 + 11 + 10 + -19 + 29 - 2?
40
Evaluate -11 + 26 - -27 - -10 - (-28 - -8).
72
What is -371 + 375 + -21 + 1 + 130?
114
18 + (12 + -26 - 5) + 21
20
(-1 + 10 - 5) + (1 + -11 - (-108 - -58))
44
What is (37 - -17) + -18 - 24?
12
Evaluate -10 + 23 + (15 - 33).
-5
Evaluate -14 + (-1 - -9) + 8 + 0.
2
What is 21 - (-2 - -3 - (-2 + 9 - 6 - 4))?
17
Calculate (-59 + 26 + 12 - 13) + 16.
-18
(-7 - 6) + (1182 - 1232)
-63
Calculate -25 - (-31 + 47 + (-33 - -22)).
-30
Evaluate 2 - (8 + (-22 - ((-2 - 16) + 9))) - -76.
83
289 - 667 - -365 - (1 - 1 - (13 + -1))
-1
Calculate -120 + (-9 - 14) - (-52 - -5).
-96
Calculate 64 + -19 + -36 + 33.
42
(6 - (-44 - -77)) + 50
23
What is 55 + -2 + -6 - (-15 + -11 + 32)?
41
What is the value of 17 + -26 - (35 + -5)?
-39
Calculate -52 + 0 - (827 + -838).
-41
-1161 - -1168 - (-3 + 52)
-42
What is -230 + 170 + 2 + -1 + 14?
-45
6 + (8 + 14 - 5 - 14) + 17
26
-15 - (-2 + (11 - (15 + 2))) - (7 - 1)
-13
What is (7 - 0) + -1 + 2 + (1388 - 1452)?
-56
(-1 - -43) + -1881 + 1891
52
What is the value of (-1 - -15) + (-19 + 80 - 56)?
19
What is -15 + 1 + 24 - (30 - (8 + -6 + 3))?
-15
Evaluate -1043 + 1114 - (-1 + 24).
48
12 + (4 - (-17 + 25 - 6))
14
What is (159 - (259 - 104)) + -1 + -24?
-21
Evaluate -54 - (57 - ((12 - -29) + -35)).
-105
-3 - ((24 - 45) + 58)
-40
11 - (-18 + 0 + (-391 - -382))
38
What is 0 - (0 - -17) - (72 + -218 + 79)?
50
6 - (-12 + -7 + -1 + 22 + -9 - 24)
37
What is 106 - ((-170 - -138) + 100)?
38
Calculate -59 + 84 - ((6 - 28) + 3).
44
2 + 10 + (-10 - (53 + (-22 - 21)))
-8
What is (-72 - ((1 - -2) + 3)) + (37 - 3) + -39?
-83
Calculate (45 - (-10 - -99)) + 3 + 9.
-32
Calculate -4 - (25 + (47 - 40) + (-12 + 0 - -2)).
-26
What is (4 - (31 + -22 - -10) - (1 - 8)) + 36?
28
Calculate 80 - -2 - (82 + 22 - 104).
82
What is the value of (0 + 0 - -10) + (4 - (79 + -53) - 63)?
-75
Evaluate (-52 + 60 - 34) + 57.
31
(17 - 1) + (-3959 - -3985)
42
What is the value of 53 - (-29 - -16) - 56?
10
Evaluate -61 + (18 - (-3 + 10)).
-50
-7 - ((-9 - 1) + (-92 - (11 - 64)))
42
Calculate 1 + (4 + -3 - (-5 + 0 + 15)) - -5.
-3
Calculate -126 - (0 - 120 - 0).
-6
Calculate (-157 - -97 - -122) + -55.
7
What is the value of -21 + 15 + 24 + (18 - 29) - -8?
15
Evaluate -6447 - -6333 - (-1 - 215).
102
Evaluate 109 + -99 + (-5 - (-4 - (-6 + 6))).
9
Calculate 52 - (-6 + 12 - ((-3 - -9) + -7)).
45
What is the value of -149 + 0 - (2225 - 2272)?
-102
What is the value of 0 + 0 + -1 + -3 + (212 + -328 - -58)?
-62
What is (1 + -5 - -6) + -10 + (34 - -29) - -1?
56
What is 18 + (-2 - 63) - (-24 + 21)?
-44
(-26 - -84) + 1 - -4 - 20
43
What is 11 - (-1162 + 1169 - (-2 - (-16 - -2)))?
16
Calculate 4 + ((-9 - -1 - 4) + -32 + 114 - 12).
62
Evaluate 59 + -79 + -2 + 15.
-7
What is the value of 43 - ((-2 - -4) + 8 + -14 + 11)?
36
What is (-4 - 0) + (-14 - (-12 + 1) - -6) + 28?
27
Calculate 98 - (-71 - (-106 + -1)).
62
What is -28 - -19 - (-4 + 4) - -67?
58
Evaluate -13 - (-2 + -5 + 4 + -34 + 14 + -6).
16
29 - (53 + (-29 - -27)) - (19 - 1)
-40
(14 - (-18 + (60 - 29))) + (10 - 29)
-18
35 - (-117 + 33 + 75)
44
Evaluate (35 + -62 - -92) + -128.
-63
Calculate (34 - 17) + 4 + 10 + -57.
-26
Calculate -854 + 885 - (-42 - -1) - (4 - (1 - 3)).
66
What is the value of 36 - (29 + (3 - -4) - 31)?
31
Calculate -48 + (2 - 3) - ((-4 - -27) + (-114 - -104)).
-62
What is (66 - 33) + -42 - -106?
97
What is (-35 - (-12 - 27)) + (-9 - -3) + 88?
86
What is the value of (-57 - -1) + 40 - (1 + -11 - 7)?
1
-11 + (51 - (8 - 6 - (-16 - -26)))
48
What is the value of (30 - 0) + (213 - 283) + 0 + 0?
-40
Evaluate 10 - 16 - ((64 + -26 - 63) + (0 - 13)).
32
Evaluate (47 - (8 + (14 - 31) + 9)) + -16.
31
Evaluate -62 - (39 - 107) - (0 - (5 - -2)) - -24.
37
-4 + -6 + -28 + -11 + -5 + -10 + 5
-59
What is -2 - -9 - (1624 - 1569)?
-48
Evaluate (438 - 350 - (-7 - (-2 + -1))) + -17.
75
Calculate 0 + (6 - 3) - (-20 + 2 - (-28 - -22)).
15
What is -9 + (-3 - -17) + -35 + 69?
39
Evaluate (23 - (43 - 21) - -20) + 3.
24
-50 - (-60 + (-136 - -51))
95
What is 161 + (-158 + -17 - -109)?
95
Evaluate 135 + -196 + -28 + 196.
107
What is 271 + -277 - (-75 + 69 + 1 + 3)?
-4
What is the value of 27 - (166 + -48 + -92)?
1
What is the value of 15 + (20 - 46) + 14 + -34 + -3?
